 is -2 (base 4) in base 10?
-2
Convert -2 (base 14) to base 12.
-2
What is 1213 (base 4) in base 12?
87
31 (base 4) to base 14
d
What is 56 (base 12) in base 10?
66
What is -100111101 (base 2) in base 6?
-1245
Convert -4 (base 6) to base 10.
-4
What is -3 (base 16) in base 3?
-10
Convert -1 (base 3) to base 14.
-1
What is 113 (base 6) in base 16?
2d
120 (base 11) to base 13
b0
What is -48 (base 12) in base 15?
-3b
Convert 2 (base 3) to base 15.
2
What is 201 (base 4) in base 9?
36
-6 (base 15) to base 8
-6
103 (base 8) to base 10
67
What is 2b (base 14) in base 10?
39
90 (base 11) to base 5
344
-318 (base 9) to base 8
-404
-1 (base 3) to base 15
-1
-18 (base 14) to base 5
-42
Convert 12 (base 5) to base 8.
7
11 (base 3) to base 11
4
Convert 43 (base 9) to base 3.
1110
Convert 2 (base 11) to base 8.
2
-6 (base 12) to base 6
-10
-3 (base 16) to base 15
-3
Convert 3 (base 11) to base 12.
3
Convert 1102 (base 4) to base 7.
145
101111 (base 2) to base 13
38
-49 (base 14) to base 5
-230
Convert -19 (base 14) to base 15.
-18
What is -1100 (base 3) in base 12?
-30
What is -1430 (base 6) in base 13?
-231
23 (base 6) to base 4
33
Convert -13 (base 4) to base 3.
-21
What is 0 (base 13) in base 15?
0
What is 1 (base 6) in base 5?
1
Convert -5 (base 9) to base 15.
-5
Convert c (base 13) to base 11.
11
Convert 5 (base 15) to base 4.
11
What is -12 (base 14) in base 13?
-13
What is -12 (base 16) in base 11?
-17
Convert 2021 (base 3) to base 7.
115
-222 (base 4) to base 13
-33
What is -87 (base 15) in base 12?
-a7
13 (base 14) to base 12
15
Convert -4 (base 14) to base 4.
-10
-103 (base 6) to base 10
-39
What is -14 (base 15) in base 6?
-31
Convert 4 (base 5) to base 15.
4
Convert -8 (base 13) to base 16.
-8
11111 (base 2) to base 14
23
-a0 (base 14) to base 3
-12012
What is 11 (base 12) in base 13?
10
-234 (base 5) to base 15
-49
-71 (base 12) to base 11
-78
What is 11 (base 2) in base 10?
3
Convert 11 (base 12) to base 9.
14
Convert 4 (base 16) to base 6.
4
What is 446 (base 8) in base 12?
206
Convert -1212 (base 3) to base 4.
-302
-27 (base 12) to base 13
-25
Convert -265 (base 8) to base 16.
-b5
1b (base 15) to base 11
24
Convert -9 (base 10) to base 16.
-9
2 (base 7) to base 11
2
What is -187 (base 10) in base 2?
-10111011
10 (base 10) to base 16
a
-3 (base 7) to base 3
-10
What is -123 (base 4) in base 3?
-1000
Convert 29 (base 16) to base 8.
51
Convert -60 (base 11) to base 9.
-73
What is 0 (base 2) in base 14?
0
What is -10 (base 12) in base 10?
-12
Convert -15 (base 10) to base 6.
-23
What is -9 (base 14) in base 3?
-100
-110 (base 3) to base 8
-14
2 (base 16) to base 12
2
Convert 79 (base 16) to base 3.
11111
Convert -13 (base 7) to base 3.
-101
Convert 54 (base 14) to base 2.
1001010
b (base 12) to base 14
b
28 (base 16) to base 11
37
What is -22 (base 11) in base 10?
-24
What is 14 (base 14) in base 11?
17
What is -b (base 15) in base 6?
-15
What is 1 (base 8) in base 16?
1
What is -9 (base 14) in base 7?
-12
Convert 40 (base 14) to base 2.
111000
What is 8 (base 12) in base 7?
11
What is 6a (base 16) in base 4?
1222
Convert 3 (base 16) to base 4.
3
0 (base 7) to base 16
0
What is 201 (base 3) in base 15?
14
What is 0 (base 12) in base 14?
0
225 (base 7) to base 3
11100
12 (base 12) to base 15
e
1 (base 13) to base 3
1
66 (base 8) to base 4
312
Convert 8 (base 14) to base 9.
8
Convert -3 (base 7) to base 9.
-3
7 (base 9) to base 15
7
What is 3 (base 6) in base 9?
3
Convert -6 (base 8) to base 5.
-11
Convert 1 (base 2) to base 9.
1
210 (base 4) to base 5
121
103 (base 11) to base 15
84
Convert -13 (base 9) to base 16.
-c
-303 (base 5) to base 14
-58
Convert -23 (base 8) to base 9.
-21
-3 (base 7) to base 3
-10
Convert d8 (base 15) to base 2.
11001011
What is -4b (base 14) in base 15?
-47
What is 4 (base 10) in base 11?
4
-5 (base 9) to base 12
-5
3233 (base 4) to base 6
1035
-4 (base 9) to base 14
-4
0 (base 15) to base 2
0
Convert 8 (base 10) to base 16.
8
-4 (base 13) to base 15
-4
Convert 1011 (base 3) to base 16.
1f
Convert 8 (base 12) to base 14.
8
-10 (base 5) to base 4
-11
What is -2 (base 3) in base 13?
-2
What is -10110100 (base 2) in base 15?
-c0
101000 (base 2) to base 11
37
1 (base 5) to base 16
1
What is 2 (base 10) in base 4?
2
Convert -3 (base 9) to base 13.
-3
10221 (base 3) to base 6
254
Convert -26 (base 7) to base 16.
-14
What is -210 (base 3) in base 5?
-41
What is 123 (base 4) in base 8?
33
-19 (base 11) to base 5
-40
What is -23 (base 6) in base 4?
-33
What is -2200 (base 3) in base 12?
-60
What is -5d (base 16) in base 10?
-93
What is 2 (base 6) in base 11?
2
-1 (base 6) to base 5
-1
20200 (base 3) to base 12
130
What is -122 (base 6) in base 4?
-302
-13 (base 10) to base 14
-d
What is -19 (base 10) in base 9?
-21
What is 3 (base 11) in base 8?
3
Convert 3011 (base 4) to base 2.
11000101
Convert 9 (base 16) to base 11.
9
Convert -104 (base 7) to base 4.
-311
1b (base 14) to base 8
31
What is 79 (base 10) in base 13?
61
85 (base 15) to base 10
125
-60 (base 7) to base 12
-36
-53 (base 12) to base 2
-111111
Convert -2 (base 6) to base 9.
-2
-21 (base 3) to base 6
-11
-32 (base 7) to base 5
-43
What is -5 (base 15) in base 10?
-5
0 (base 9) to base 16
0
Convert 1b (base 12) to base 2.
10111
Convert 10 (base 2) to base 14.
2
333 (base 4) to base 13
4b
What is 1 (base 5) in base 14?
1
Convert -13 (base 5) to base 2.
-1000
What is -6 (base 13) in base 5?
-11
What is -11020 (base 3) in base 16?
-72
Convert -1011 (base 2) to base 7.
-14
What is -101100 (base 2) in base 8?
-54
Convert 5 (base 12) to base 6.
5
What is 253 (base 6) in base 2?
1101001
What is 2 (base 15) in base 8?
2
110 (base 5) to base 3
1010
Convert -356 (base 8) to base 14.
-130
What is -d1 (base 14) in base 2?
-10110111
Convert 14 (base 8) to base 4.
30
122 (base 3) to base 15
12
Convert -262 (base 11) to base 12.
-21a
What is 10000010 (base 2) in base 11?
109
What is -151 (base 6) in base 16?
-43
-1a7 (base 15) to base 13
-235
Convert 4 (base 9) to base 11.
4
Convert 11 (base 7) to base 9.
8
What is 2 (base 4) in base 13?
2
What is 0 (base 14) in base 8?
0
What is 0 (base 12) in base 10?
0
155 (base 8) to base 3
11001
Convert 10 (base 5) to base 11.
5
What is -1210 (base 3) in base 2?
-110000
-200 (base 4) to base 14
-24
Convert -76 (base 11) to base 16.
-53
-1d (base 16) to base 4
-131
What is 21 (base 4) in base 14?
9
Convert -30 (base 8) to base 4.
-120
-1 (base 2) to base 11
-1
-5 (base 12) to base 2
-101
1152 (base 6) to base 11
239
-343 (base 6) to base 14
-99
-11 (base 9) to base 11
-a
What is -d1 (base 16) in base 6?
-545
-1100000 (base 2) to base 11
-88
Convert -4 (base 9) to base 6.
-4
What is 2 (base 7) in base 12?
2
-89 (base 13) to base 5
-423
Convert -b (base 15) to base 11.
-10
What is 46 (base 8) in base 15?
28
Convert -43 (base 11) to base 14.
-35
What is 4 (base 8) in base 14?
4
Convert 0 (base 13) to base 12.
0
Convert 1101010 (base 2) to base 15.
71
Convert 66 (base 11) to base 16.
48
-108 (base 13) to base 10
-177
-8 (base 10) to base 9
-8
What is 110100 (base 2) in base 11?
48
-101 (base 11) to base 6
-322
What is 1 (base 4) in base 9?
1
Convert 14 (base 13) to base 14.
13
What is -7 (base 9) in base 4?
-13
What is 4 (base 6) in base 15?
4
Convert 2 (base 16) to base 2.
10
-16 (base 15) to base 16
-15
2 (base 13) to base 11
2
Convert 3 (base 7) to base 12.
3
What is -221 (base 3) in base 13?
-1c
-144 (base 7) to base 13
-63
What is 61 (base 10) in base 2?
111101
What is -4 (base 7) in base 9?
-4
20 (base 6) to base 7
15
3 (base 8) to base 14
3
Convert 36 (base 13) to base 12.
39
What is 33 (base 9) in base 13?
24
202 (base 3) to base 2
10100
Convert 25 (base 6) to base 3.
122
What is 7 (base 9) in base 6?
11
Convert -10 (base 5) to base 3.
-12
-56 (base 8) to base 14
-34
110 (base 3) to base 4
30
-5 (base 9) to base 15
-5
What is 4 (base 13) in base 14?
4
20 (base 11) to base 4
112
cc (base 13) to base 11
143
Convert 1 (base 3) to base 4.
1
-161 (base 7) to base 2
-1011100
Convert -2a (base 16) to base 8.
-52
What is 8 (base 9) in base 5?
13
11 (base 7) to base 4
20
0 (base 10) to base 5
0
Convert -11 (base 2) to base 8.
-3
3 (base 14) to base 16
3
Convert 54 (base 11) to base 3.
2012
100011 (base 2) to base 11
32
Convert -5 (base 10) to 